alculate the highest common factor of 132 and r.
12
Let b = 10 - 0. Let g(i) = -i**2 - 9*i - 8. Let z be g(-7). What is the highest common divisor of b and z?
2
Let u(r) = -r + 39. Let y be u(13). Suppose -2*a + y = 6. Suppose k - 106 = n, -k + 2*n = -0*k - 102. What is the greatest common factor of k and a?
10
Let n = -3 - -6. Let v(t) = 14*t + 274. Let x be v(-18). Calculate the highest common divisor of x and n.
1
Let c(t) = 7*t - 264. Let l be c(39). Let m(a) = 17*a - 144. Let b be m(l). Calculate the highest common divisor of 423 and b.
9
Suppose -261*i + 256*i = 0. Suppose -18*t + 19*t - 13 = i. Suppose t*a = 11*a + 62. What is the greatest common factor of 341 and a?
31
Suppose -c - 5*u = -51 - 31, 3*u - 12 = 0. Let q(w) = 10*w**2 + 13*w - 76. Let t be q(10). What is the greatest common factor of c and t?
62
Suppose 5713 = 25*d - 9787. What is the highest common divisor of 100 and d?
20
Suppose -f + 2*j + 9 = 0, -6*j - 69 + 52 = -f. What is the greatest common factor of 1415 and f?
5
Suppose -m - 74*i + 76*i + 3089 = 0, -4*m - i + 12293 = 0. What is the greatest common divisor of 30 and m?
15
Let f(u) = -u**2 - 14*u + 1293. Let c be f(27). What is the greatest common factor of c and 21855?
93
Let k be (60632/(-440) - (-2)/(-10))/((-3)/74). What is the highest common divisor of k and 230?
46
Let h(p) = p**3 + 70*p**2 - 68*p + 223. Let f be h(-71). What is the greatest common factor of 3790 and f?
10
Let l be -1*((-189)/(-105))/((-1)/(-5)). Let g be 6 + -1 - (720/(-9) - l). What is the greatest common factor of g and 114?
38
Let g = -335 + 343. Let r(l) = -l**3 + 12*l**2 - 6*l + 20. Let v be r(g). What is the highest common divisor of 48 and v?
12
Suppose -2*g - 32 = -162. Let t = g - 65. Suppose -5*b + 0*b + 4*w + 335 = t, w = b - 68. What is the highest common factor of 21 and b?
21
Let q = 54099 + -35151. Calculate the greatest common factor of q and 12.
12
Suppose 5*v - 7*b = -4*b + 655, 0 = v - 2*b - 138. Let u = 7 - -1. Calculate the greatest common divisor of u and v.
8
Suppose 0 = 20*p - 21*p + 5*d - 2, 3*d - 3 = 0. Let q(x) = 2*x - 6. Let y be q(9). Let r = y - 9. Calculate the highest common divisor of r and p.
3
Suppose -150 = 9*z - 4*z. Let a = z + 33. Suppose a*y = -2*n + 4*y + 18, 0 = -4*n + 5*y + 48. What is the highest common factor of 1 and n?
1
Let u = -177 - -179. Suppose -2*n - 4*v + 72 = u*n, 2 = -n + 3*v. Calculate the greatest common factor of n and 13.
13
Let n = -6475 + 8083. Calculate the greatest common factor of 12 and n.
12
Suppose x + z + 2*z = 11, 3*x + z - 9 = 0. Suppose -k - 3 + 8 = 0. Suppose -k*c + 90 = -x*c. Calculate the greatest common factor of 240 and c.
30
Let v = -7386 + 7447. Calculate the highest common divisor of v and 6710.
61
Let k(u) = -u + 5. Let b be (1/(-3))/((-7)/(-105)). Let a be k(b). What is the greatest common divisor of a and 3?
1
Let l be 8 - (-8 + 67760/(-11) + 11). Calculate the highest common divisor of 180 and l.
45
Let l be 27/(-10)*105/(-9)*52. What is the greatest common factor of 156 and l?
78
Let k(q) = 2 + 11 - 2 + 13*q - 2*q**2 + 1. Let t be k(6). Calculate the greatest common divisor of 45 and t.
9
Let t(p) = -117*p + 309. Let v be t(-11). Calculate the greatest common factor of v and 252.
84
Let a be (-5826)/(-10) + (-6)/(-15). Let x = -23687 - -23698. Calculate the highest common divisor of x and a.
11
Let d be (-8)/12*(-4221)/21*6. What is the highest common divisor of d and 396?
12
Let t = 24 + 2. Let r(v) = -2*v**3 + 5*v**2 + 10*v + 14. Let z be r(-4). Let c = z + -143. Calculate the highest common factor of t and c.
13
Let h(j) = 4*j + 272. Let t(y) = y + 135. Let r(q) = -4*h(q) + 7*t(q). Let g be r(-23). What is the highest common factor of 160 and g?
32
Suppose -2*t = -4*m + 24430, 4*m + t = 11612 + 12833. Calculate the highest common divisor of 10 and m.
10
Suppose -402*b = -396*b - 18. Suppose 7*t + 39 = 10*t + b*d, -3*t - 5*d + 33 = 0. Calculate the highest common factor of t and 76.
4
Let a be (-7)/(-4)*(-21)/(-98) + 159386/16. What is the highest common factor of 34 and a?
34
Let p(m) = -2*m**2 + 113*m - 1155. Let h be p(40). What is the greatest common divisor of 2915 and h?
55
Let s(b) = -16*b + 3264. Let q be s(194). Calculate the greatest common factor of 6880 and q.
160
Let x be 1/((-30)/8 + 4). Let d(y) be the first derivative of y**3/3 + 5*y**2/2 - 11*y - 22. Let a be d(x). Calculate the highest common factor of 10 and a.
5
Suppose 253977 + 393723 = 20*g. What is the highest common divisor of 255 and g?
255
Let b = -1865 - -1997. What is the highest common factor of 164 and b?
4
Suppose -1276082 = -31*r - 39*r - 37*r. Calculate the highest common divisor of 134 and r.
134
Let b = 2248 - 1877. Calculate the greatest common divisor of b and 56.
7
Let v be (80/4)/(0 + 1). Let f(b) = -b**3 - 10*b**2 + 19*b + 23. Let h be f(-12). Let r = 87 - h. What is the greatest common factor of v and r?
4
Let p be (-6)/3 - (11 - 13). Let z(l) = l**3 + l**2 + l + 54. Let d be z(p). Calculate the greatest common factor of d and 144.
18
Suppose 1792 = 23*p - 7*p. Suppose 43*f = 17 + p. What is the greatest common factor of 5 and f?
1
Let r(l) = -821*l + 663. Let z be r(-21). What is the highest common divisor of 12 and z?
12
Let b = 150 + -114. Let k be (-18 + b)/(0 - -1). Calculate the greatest common divisor of 54 and k.
18
Let o = 50 + -42. Suppose 2*x - 191 = -5*z, -o*x = 2*z - 3*x - 68. What is the highest common divisor of z and 39?
39
Suppose 0 = -11*c - 40 + 7. Suppose -5*j - 7 = h - 3, -3*h + 16 = j. Let x be 0 - c - (-18 + h). What is the greatest common factor of x and 135?
15
Let p = 131 + -132. Let q(u) = -36*u**3 + u**2 - u - 2. Let d be q(p). What is the highest common factor of 162 and d?
18
Let r = -9264 - -10347. Calculate the greatest common divisor of r and 171.
57
Let l = 74 + -90. Let d be (l/24)/((-2)/897). What is the highest common factor of 13 and d?
13
Let a be (-1)/(-1) + 54/3. Suppose -4*s - 7 = -5*j, -5*s - j - a = 3*j. Let d be s/3 + 3 + 94. What is the highest common factor of 24 and d?
24
Let y be 15/(-10) + (-135)/(-30). Calculate the highest common divisor of y and 181.
1
Let w be (-4 + 6)/((-315)/(-156) + -2). Suppose 0 = 5*c + 4*n - 111 - 1205, -5*n = -4*c + 1020. Calculate the highest common divisor of w and c.
52
Suppose 4*j = 58 + 26. Let k(l) = -l**3 + 13*l**2 - 2*l + 30. Let a be k(13). Let d be 12/a - 0 - -81. What is the highest common divisor of d and j?
21
Suppose 0 = 2*d - d + 5*v - 10, 0 = -v - 1. Suppose -h = d*h - 400. What is the greatest common divisor of h and 25?
25
Let p(g) be the first derivative of 2/3*g**3 + 11*g**2 + 48*g + 31. Let h be p(-12). What is the greatest common divisor of h and 9?
9
Let d = -1 - -1. Let g be -413 + 409 + 7/1. Suppose d = 16*b - g*b - 2288. Calculate the highest common divisor of 11 and b.
11
Let a(t) be the second derivative of -t**5/20 + 5*t**4/12 + 5*t**3/3 + 7*t**2 + 114*t. Let o be a(6). Calculate the greatest common divisor of o and 38.
38
Suppose -t = 3*t - v - 40, 53 = 5*t - 2*v. Let h(r) = r**2 - 2*r + 5. Let g be h(t). Let m = 83 - g. What is the highest common divisor of 45 and m?
15
Let o(z) = -z**3 - 20*z**2 - 18*z + 38. Let s be o(-21). Suppose 2657 - s = 30*d. Calculate the greatest common divisor of d and 18.
6
Let u be (-22*1)/((-6)/144). Calculate the greatest common factor of u and 1980.
132
Suppose -7*j = 14, 60*o - 4*j = 57*o + 893. Let i(s) = 12*s**2 + 4*s + 1. Let x be i(-4). Calculate the highest common divisor of o and x.
59
Let j be 27/(-63) + (-272)/(-14). Let o be (j/(114/(-2940)))/(-2). What is the greatest common factor of o and 5?
5
Let p = -2197 - -4948. Calculate the greatest common factor of p and 21.
21
Let q(u) = 183*u - 563. Let i be q(5). Calculate the greatest common factor of i and 10.
2
Let m(j) = -5*j + 47. Let h be m(10). Let i be h/12 + ((-12030)/(-24))/5. Calculate the greatest common divisor of i and 75.
25
Let v = -1740 - -1810. Calculate the greatest common factor of v and 168.
14
Let s be (-534)/445*(-1)/(-2) + 10839/15. What is the greatest common factor of s and 10?
2
Let x be (-788)/36 - 4/36. Let n = 0 + x. Let o = 42 + n. What is the greatest common factor of o and 30?
10
Suppose 60*i - 1098 = -20*i + 1782. What is the greatest